ime?
True
Is 18409 prime?
False
Is 16999 composite?
True
Is 625589 prime?
True
Is 128109 composite?
True
Is 33247 a prime number?
True
Is 24789 prime?
False
Is 137927 a composite number?
False
Is 454353 a composite number?
True
Is 227251 a prime number?
True
Is 1649 a composite number?
True
Is 57883 composite?
True
Is 3351 a composite number?
True
Is 4409 composite?
False
Is 1927313 a composite number?
False
Is 1066154 prime?
False
Is 68711 prime?
True
Is 23918 a prime number?
False
Is 11903 a composite number?
False
Is 25249 composite?
True
Is 1639 composite?
True
Is 36293 prime?
True
Is 1733 a composite number?
False
Is 28051 a composite number?
False
Is 6761 composite?
False
Is 27049 a composite number?
True
Is 12071 composite?
False
Is 73121 a prime number?
True
Is 1131547 a prime number?
True
Is 56773 a composite number?
False
Is 349253 composite?
True
Is 593663 prime?
False
Is 57119 a prime number?
True
Is 167009 a prime number?
True
Is 10327 prime?
False
Is 3397 a composite number?
True
Is 4955 a composite number?
True
Is 109759 a composite number?
True
Is 14017 a composite number?
True
Is 16847 prime?
False
Is 6835 prime?
False
Is 1793989 a composite number?
False
Is 72377 a prime number?
False
Is 1061 a composite number?
False
Is 1888661 a composite number?
True
Is 1561991 a prime number?
False
Is 45523 prime?
True
Is 116257 composite?
False
Is 61211 a prime number?
True
Is 1702841 prime?
False
Is 162943 a composite number?
True
Is 4019 a prime number?
True
Is 270289 a prime number?
False
Is 87869 a prime number?
True
Is 1476427 a composite number?
True
Is 21467 composite?
False
Is 10301 prime?
True
Is 84679 composite?
True
Is 350477 a composite number?
True
Is 20949 composite?
True
Is 66961 composite?
True
Is 3805 a composite number?
True
Is 209021 a prime number?
True
Is 3589 a prime number?
False
Is 3869 prime?
False
Is 13801 a composite number?
True
Is 1295501 prime?
True
Is 133753 a composite number?
True
Is 8123 a prime number?
True
Is 14951 a composite number?
False
Is 14281 a prime number?
True
Is 2237 a prime number?
True
Is 641 composite?
False
Is 14123 a composite number?
True
Is 5033 composite?
True
Is 982291 a prime number?
False
Is 70405 a composite number?
True
Is 185021 a composite number?
False
Is 4187 prime?
False
Is 292661 a composite number?
False
Is 519847 prime?
False
Is 179155 composite?
True
Is 210281 composite?
True
Is 8051 a composite number?
True
Is 287 a composite number?
True
Is 257101 a prime number?
False
Is 51215 prime?
False
Is 18947 a prime number?
True
Is 101641 composite?
False
Is 59497 a prime number?
True
Is 37847 prime?
True
Is 514555 a composite number?
True
Is 556511 a prime number?
False
Is 7391 prime?
False
Is 203 prime?
False
Is 259097 a prime number?
False
Is 14813 composite?
False
Is 125863 a prime number?
True
Is 14273 prime?
False
Is 5538359 a prime number?
True
Is 37711 composite?
True
Is 15509 composite?
True
Is 166811 a composite number?
True
Is 65855 composite?
True
Is 130933 a composite number?
True
Is 49757 prime?
True
Is 35041 composite?
True
Is 456541 a prime number?
False
Is 335221 a composite number?
False
Is 4609 a composite number?
True
Is 50639 prime?
False
Is 50671 a prime number?
True
Is 622 a prime number?
False
Is 104411 a composite number?
True
Is 538457 a prime number?
True
Is 31315 prime?
False
Is 363826 a composite number?
True
Is 309359 a composite number?
False
Is 547253 a prime number?
False
Is 85367 a prime number?
False
Is 722759 a prime number?
False
Is 29413 a prime number?
False
Is 97213 a prime number?
True
Is 123997 composite?
False
Is 363941 a composite number?
False
Is 6863 prime?
True
Is 28895 composite?
True
Is 37079 a prime number?
False
Is 33679 prime?
True
Is 20861 prime?
False
Is 30203 composite?
False
Is 339961 a composite number?
True
Is 619013 prime?
False
Is 123787 composite?
False
Is 27043 a prime number?
True
Is 51154 a composite number?
True
Is 863 prime?
True
Is 59833 a composite number?
False
Is 1241233 prime?
False
Is 295541 a prime number?
True
Is 757027 a composite number?
True
Is 1079411 composite?
True
Is 78159 prime?
False
Is 10169 a prime number?
True
Is 93703 composite?
False
Is 6109 a prime number?
False
Is 219431 prime?
False
Is 549983 prime?
False
Is 48683 a composite number?
True
Is 23393 composite?
True
Is 1122163 a prime number?
False
Is 1064017 a composite number?
False
Is 17401 prime?
True
Is 67163 composite?
True
Is 5359 a composite number?
True
Is 14962 composite?
True
Is 549773 a prime number?
False
Is 130837 a prime number?
False
Is 628363 composite?
False
Is 575351 composite?
True
Is 11467 a prime number?
True
Is 51685 prime?
False
Is 12178 prime?
False
Is 78661 a composite number?
True
Is 14777 a composite number?
True
Is 16078 a prime number?
False
Is 224021 composite?
True
Is 261505 prime?
False
Is 1228587 prime?
False
Is 75853 a composite number?
False
Is 19 prime?
True
Is 5314 a prime number?
False
Is 107507 a composite number?
False
Is 5539 composite?
True
Is 323641 a prime number?
True
Is 226277 a prime number?
False
Is 465449 composite?
True
Is 69623 composite?
False
Is 21089 composite?
False
Is 71789 composite?
False
Is 212987 composite?
False
Is 1704841 composite?
False
Is 618731 a prime number?
False
Is 5539 composite?
True
Is 13417 prime?
True
Is 955 composite?
True
Is 867161 prime?
True
Is 278449 a prime number?
False
Is 127671 a composite number?
True
Is 5399 composite?
False
Is 1428359 prime?
True
Is 388915 a composite number?
True
Is 65165 prime?
False
Is 1367 composite?
False
Is 330406 a composite number?
True
Is 118127 a composite number?
False
Is 75817 composite?
True
Is 1206397 a prime number?
False
Is 222533 a composite number?
False
Is 8483 prime?
False
Is 22169 a prime number?
False
Is 690911 a composite number?
True
Is 16183 a composite number?
False
Is 1735 composite?
True
Is 34737 composite?
True
Is 7817 a prime number?
True
Is 236939 a composite number?
True
Is 181897 composite?
True
Is 385039 composite?
False
Is 3989 composite?
False
Is 50767 a composite number?
False
Is 49559 a prime number?
True
Is 4861 a prime number?
True
Is 1497629 prime?
False
Is 86531 composite?
False
Is 7103 composite?
False
Is 75507 a prime number?
False
Is 1481 composite?
False
Is 143951 prime?
False
Is 723721 a composite number?
False
Is 13217 composite?
False
Is 8301 prime?
False
Is 126097 a prime number?
True
Is 402281 a prime number?
False
Is 505 a composite number?
True
Is 341423 a prime number?
True
Is 2841 prime?
False
Is 591503 a composite number?
True
Is 51811 a prime number?
False
Is 183023 composite?
False
Is 357223 prime?
False
Is 205759 prime?
True
Is 171238 composite?
True
Is 7118 a composite number?
True
Is 73939 a composite number?
False
Is 307301 prime?
True
Is 173429 a composite number?
False
Is 163523 prime?
False
Is 8441 composite?
True
Is 331003 prime?
False
Is 122755 prime?
False
Is 195103 composite?
False
Is 351763 composite?
False
Is 26179 prime?
False
Is 707027 a composite number?
False
Is 2395 a prime number?
False
Is 1367291 prime?
True
Is 22069 composite?
True
Is 8641 a composite number?
False
Is 563593 a prime number?
True
Is 137983 prime?
True
Is 5737 composite?
False
Is 8887 prime?
True
Is 1069 prime?
True
Is 2935303 composite?
True
Is 1651409 a prime number?
True
Is 1181 a prime number?
True
Is 152809 prime?
True
Is 31919 a composite number?
True
Is 575551 composite?
False
Is 3191803 composite?
False
Is 12442 composite?
True
Is 2719 prime?
True
Is 87287 composite?
True
Is 315047 a prime number?
True
Is 781 composite?
True
Is 102535 a composite number?
True
Is 10813 prime?
False
Is 82333 composite?
True
Is 1509 a composite number?
True
Is 40619 prime?
False
Is 591247 a prime number?
False
Is 1942645 a composite number?
True
Is 14923 composite?
False
Is 37319 composite?
True
Is 18181 a composite number?
False
Is 30101 prime?
False
Is 4897 a composite number?
True
Is 32081 prime?
False
Is 2559893 a prime number?
False
Is 3043 composite?
True
Is 546891 a prime number?
False
Is 26449 composite?
False
Is 1657 a composite number?
False
Is 10501607 composite?
False
Is 3071 a composite number?
True
Is 12286 prime?
False
Is 46807 prime?
True
Is 1735 composite?
True
Is 6773 a composite numb